{"id":56783,"date":"2020-11-17T13:10:43","date_gmt":"2020-11-17T12:10:43","guid":{"rendered":"https:\/\/www.asufin.com\/?page_id=56783"},"modified":"2022-06-01T20:42:25","modified_gmt":"2022-06-01T20:42:25","slug":"projecte-sobreendeutament","status":"publish","type":"page","link":"https:\/\/staging.asufin.com\/staging\/ca\/projecte-sobreendeutament\/","title":{"rendered":"Projecte sobreendeutament"},"content":{"rendered":"\t\t<div data-elementor-type=\"wp-page\" data-elementor-id=\"56783\" class=\"elementor elementor-56783\">\n\t\t\t\t\t\t<section class=\"elementor-section elementor-top-section elementor-element elementor-element-4930a35 elementor-section-boxed elementor-section-height-default elementor-section-height-default\" data-id=\"4930a35\" data-element_type=\"section\" data-settings=\"{&quot;background_background&quot;:&quot;classic&quot;}\">\n\t\t\t\t\t\t<div class=\"elementor-container elementor-column-gap-default\">\n\t\t\t\t\t<div class=\"elementor-column elementor-col-100 elementor-top-column elementor-element elementor-element-2de699a\" data-id=\"2de699a\" data-element_type=\"column\">\n\t\t\t<div class=\"elementor-widget-wrap elementor-element-populated\">\n\t\t\t\t\t\t\t<\/div>\n\t\t<\/div>\n\t\t\t\t\t<\/div>\n\t\t<\/section>\n\t\t\t\t<section class=\"elementor-section elementor-top-section elementor-element elementor-element-2a969d7 elementor-section-boxed elementor-section-height-default elementor-section-height-default\" data-id=\"2a969d7\" data-element_type=\"section\">\n\t\t\t\t\t\t<div class=\"elementor-container elementor-column-gap-default\">\n\t\t\t\t\t<div class=\"elementor-column elementor-col-100 elementor-top-column elementor-element elementor-element-d9f1a19\" data-id=\"d9f1a19\" data-element_type=\"column\">\n\t\t\t<div class=\"elementor-widget-wrap elementor-element-populated\">\n\t\t\t\t\t\t<div class=\"elementor-element elementor-element-ddad305 elementor-widget elementor-widget-text-editor\" data-id=\"ddad305\" data-element_type=\"widget\" data-widget_type=\"text-editor.default\">\n\t\t\t\t<div class=\"elementor-widget-container\">\n\t\t\t\t\t\t\t\t\t<p>PROJECTE SUBVENCIONAT PEL MINISTERI DE CONSUM<\/p>\t\t\t\t\t\t\t\t<\/div>\n\t\t\t\t<\/div>\n\t\t\t\t<div class=\"elementor-element elementor-element-ca6fcaa elementor-widget elementor-widget-heading\" data-id=\"ca6fcaa\" data-element_type=\"widget\" data-widget_type=\"heading.default\">\n\t\t\t\t<div class=\"elementor-widget-container\">\n\t\t\t\t\t<h1 class=\"elementor-heading-title elementor-size-default\"><span style=\"color: #eb2b8e\"><strong>Sobreendeutament familiar\u00a0<\/strong><span style=\"color: #000000\">en temps de COVID19<\/span><\/span><\/h1>\t\t\t\t<\/div>\n\t\t\t\t<\/div>\n\t\t\t\t<div class=\"elementor-element elementor-element-061d347 elementor-widget elementor-widget-text-editor\" data-id=\"061d347\" data-element_type=\"widget\" data-widget_type=\"text-editor.default\">\n\t\t\t\t<div class=\"elementor-widget-container\">\n\t\t\t\t\t\t\t\t\t<p>Aqu\u00ed trobar\u00e0s totes les accions que s&#8217;emmarquen dins del projecte <strong>&#8216;Sobreendeutament familiar en temps de COVID19&#8217;<\/strong> subvencionat pel Ministeri de Consum. L&#8217;actual crisi i emerg\u00e8ncia sanit\u00e0ria que assola a Espanya i al m\u00f3n, ha impactat en la nostra salut f\u00edsica per\u00f2 tamb\u00e9 en la nostra salut financera. Les mesures socials, econ\u00f2miques i jur\u00eddiques que ha pres l&#8217;actual Govern incideixen en la vida quotidiana dels consumidors i usuaris no sols de productes financers, sin\u00f3 tamb\u00e9 de serveis habituals. Malgrat aquestes mesures dirigides a pal\u00b7liar temporalment la dif\u00edcil situaci\u00f3 econ\u00f2mica de les fam\u00edlies, moltes d&#8217;elles <strong>es veuran temptades a prendre decisions financeres que no siguin les m\u00e9s adequades per a la seva economia.\u00a0<\/strong><br \/><br \/>\u00c9s una preocupaci\u00f3 latent per part d&#8217; <strong>ASUFIN<\/strong>\u00a0que aquests consumidors obtinguin tota la informaci\u00f3 necess\u00e0ria per a prendre la millor decisi\u00f3 possible quant a les seves pr\u00f2pies finances i superaci\u00f3 del sot que, inevitablement, aquesta crisi generar\u00e0 i est\u00e0 generant. \u00c9s per aix\u00f2 que estem realitzant<strong> seminaris online, estudis, congressos, llancem una calculadora de\u00a0sobreendeudamiento, material divulgatiu&#8230;. i molt m\u00e9s.<\/strong><\/p><p><span style=\"font-weight: 400;\">\u00a0<\/span><\/p>\t\t\t\t\t\t\t\t<\/div>\n\t\t\t\t<\/div>\n\t\t\t\t\t<\/div>\n\t\t<\/div>\n\t\t\t\t\t<\/div>\n\t\t<\/section>\n\t\t\t\t<section class=\"elementor-section elementor-top-section elementor-element elementor-element-716173c elementor-section-boxed elementor-section-height-default elementor-section-height-default\" data-id=\"716173c\" data-element_type=\"section\">\n\t\t\t\t\t\t<div class=\"elementor-container elementor-column-gap-default\">\n\t\t\t\t\t<div class=\"elementor-column elementor-col-50 elementor-top-column elementor-element elementor-element-a7e9505\" data-id=\"a7e9505\" data-element_type=\"column\">\n\t\t\t<div class=\"elementor-widget-wrap elementor-element-populated\">\n\t\t\t\t\t\t<div class=\"elementor-element elementor-element-c1f1982 elementor-widget elementor-widget-video\" data-id=\"c1f1982\" data-element_type=\"widget\" data-settings=\"{&quot;youtube_url&quot;:&quot;https:\\\/\\\/www.youtube.com\\\/watch?v=r94pEoO0-_s&amp;feature=youtu.be&quot;,&quot;video_type&quot;:&quot;youtube&quot;,&quot;controls&quot;:&quot;yes&quot;}\" data-widget_type=\"video.default\">\n\t\t\t\t<div class=\"elementor-widget-container\">\n\t\t\t\t\t\t\t<div class=\"elementor-wrapper elementor-open-inline\">\n\t\t\t<div class=\"elementor-video\"><\/div>\t\t<\/div>\n\t\t\t\t\t\t<\/div>\n\t\t\t\t<\/div>\n\t\t\t\t\t<\/div>\n\t\t<\/div>\n\t\t\t\t<div class=\"elementor-column elementor-col-50 elementor-top-column elementor-element elementor-element-b73497a\" data-id=\"b73497a\" data-element_type=\"column\">\n\t\t\t<div class=\"elementor-widget-wrap elementor-element-populated\">\n\t\t\t\t\t\t<div class=\"elementor-element elementor-element-0c7beaf elementor-widget elementor-widget-text-editor\" data-id=\"0c7beaf\" data-element_type=\"widget\" data-widget_type=\"text-editor.default\">\n\t\t\t\t<div class=\"elementor-widget-container\">\n\t\t\t\t\t\t\t\t\t<p>DOCUMENTAL<\/p>\t\t\t\t\t\t\t\t<\/div>\n\t\t\t\t<\/div>\n\t\t\t\t<div class=\"elementor-element elementor-element-73f0d39 elementor-widget elementor-widget-text-editor\" data-id=\"73f0d39\" data-element_type=\"widget\" data-widget_type=\"text-editor.default\">\n\t\t\t\t<div class=\"elementor-widget-container\">\n\t\t\t\t\t\t\t\t\t<p><span style=\"color: #eb2b8e;\"><span style=\"color: #000000;\">Espanya<\/span><strong> zona zero<\/strong><\/span><\/p>\t\t\t\t\t\t\t\t<\/div>\n\t\t\t\t<\/div>\n\t\t\t\t<div class=\"elementor-element elementor-element-1dae9ec elementor-widget elementor-widget-text-editor\" data-id=\"1dae9ec\" data-element_type=\"widget\" data-widget_type=\"text-editor.default\">\n\t\t\t\t<div class=\"elementor-widget-container\">\n\t\t\t\t\t\t\t\t\t<p>Com ha afectat la #COVD19 a la societat espanyola? Botigues, bars i cinemes que han hagut de tirar el tancament. Carrers buits, persianes baixades, augment de la demanda en bancs d&#8217;aliments, desaparici\u00f3 de diners en efectiu&#8230;<\/p>\t\t\t\t\t\t\t\t<\/div>\n\t\t\t\t<\/div>\n\t\t\t\t<div class=\"elementor-element elementor-element-9d131de elementor-widget elementor-widget-text-editor\" data-id=\"9d131de\" data-element_type=\"widget\" data-widget_type=\"text-editor.default\">\n\t\t\t\t<div class=\"elementor-widget-container\">\n\t\t\t\t\t\t\t\t\t<p>MOLT AVIAT<\/p>\t\t\t\t\t\t\t\t<\/div>\n\t\t\t\t<\/div>\n\t\t\t\t\t<\/div>\n\t\t<\/div>\n\t\t\t\t\t<\/div>\n\t\t<\/section>\n\t\t\t\t<section class=\"elementor-section elementor-top-section elementor-element elementor-element-ab48e5d elementor-section-boxed elementor-section-height-default elementor-section-height-default\" data-id=\"ab48e5d\" data-element_type=\"section\" data-settings=\"{&quot;background_background&quot;:&quot;classic&quot;}\">\n\t\t\t\t\t\t\t<div class=\"elementor-background-overlay\"><\/div>\n\t\t\t\t\t\t\t<div class=\"elementor-container elementor-column-gap-default\">\n\t\t\t\t\t<div class=\"elementor-column elementor-col-100 elementor-top-column elementor-element elementor-element-3b75269\" data-id=\"3b75269\" data-element_type=\"column\">\n\t\t\t<div class=\"elementor-widget-wrap elementor-element-populated\">\n\t\t\t\t\t\t<div class=\"elementor-element elementor-element-92a8d28 elementor-widget elementor-widget-text-editor\" data-id=\"92a8d28\" data-element_type=\"widget\" data-widget_type=\"text-editor.default\">\n\t\t\t\t<div class=\"elementor-widget-container\">\n\t\t\t\t\t\t\t\t\t<p><span style=\"color: #ffffff; font-weight: bold;\">Calculadores\u00a0<\/span><span style=\"color: #ffffff;\">ASUFIN<\/span><\/p>\t\t\t\t\t\t\t\t<\/div>\n\t\t\t\t<\/div>\n\t\t\t\t<div class=\"elementor-element elementor-element-e671ff9 elementor-widget elementor-widget-text-editor\" data-id=\"e671ff9\" data-element_type=\"widget\" data-widget_type=\"text-editor.default\">\n\t\t\t\t<div class=\"elementor-widget-container\">\n\t\t\t\t\t\t\t\t\t<p>Volem ajudar-te a gestionar les teves finances de manera saludable. La nostra calculadora IRPH et permetr\u00e0 saber quant diners has pagat de m\u00e9s i qu\u00e8 pots reclamar, mentre que la calculadora de sobreendeutament t&#8217;ajudar\u00e0 a saber el risc que corres de sobreendeutarte.<\/p>\t\t\t\t\t\t\t\t<\/div>\n\t\t\t\t<\/div>\n\t\t\t\t<div class=\"elementor-element elementor-element-1c90e0d elementor-align-center elementor-widget elementor-widget-button\" data-id=\"1c90e0d\" data-element_type=\"widget\" data-widget_type=\"button.default\">\n\t\t\t\t<div class=\"elementor-widget-container\">\n\t\t\t\t\t\t\t\t\t<div class=\"elementor-button-wrapper\">\n\t\t\t\t\t<a class=\"elementor-button elementor-button-link elementor-size-sm\" href=\"https:\/\/panel.asufin.com\" target=\"_blank\" rel=\"noopener\">\n\t\t\t\t\t\t<span class=\"elementor-button-content-wrapper\">\n\t\t\t\t\t\t\t\t\t<span class=\"elementor-button-text\">CALCULAR ARA<\/span>\n\t\t\t\t\t<\/span>\n\t\t\t\t\t<\/a>\n\t\t\t\t<\/div>\n\t\t\t\t\t\t\t\t<\/div>\n\t\t\t\t<\/div>\n\t\t\t\t\t<\/div>\n\t\t<\/div>\n\t\t\t\t\t<\/div>\n\t\t<\/section>\n\t\t\t\t<section class=\"elementor-section elementor-top-section elementor-element elementor-element-7f9fc4f elementor-section-boxed elementor-section-height-default elementor-section-height-default\" data-id=\"7f9fc4f\" data-element_type=\"section\">\n\t\t\t\t\t\t<div class=\"elementor-container elementor-column-gap-default\">\n\t\t\t\t\t<div class=\"elementor-column elementor-col-50 elementor-top-column elementor-element elementor-element-7883ca0\" data-id=\"7883ca0\" data-element_type=\"column\">\n\t\t\t<div class=\"elementor-widget-wrap elementor-element-populated\">\n\t\t\t\t\t\t<div class=\"elementor-element elementor-element-be565d7 elementor-widget elementor-widget-video\" data-id=\"be565d7\" data-element_type=\"widget\" data-settings=\"{&quot;youtube_url&quot;:&quot;https:\\\/\\\/www.youtube.com\\\/watch?v=dLY1QAZccI0&quot;,&quot;video_type&quot;:&quot;youtube&quot;,&quot;controls&quot;:&quot;yes&quot;}\" data-widget_type=\"video.default\">\n\t\t\t\t<div class=\"elementor-widget-container\">\n\t\t\t\t\t\t\t<div class=\"elementor-wrapper elementor-open-inline\">\n\t\t\t<div class=\"elementor-video\"><\/div>\t\t<\/div>\n\t\t\t\t\t\t<\/div>\n\t\t\t\t<\/div>\n\t\t\t\t\t<\/div>\n\t\t<\/div>\n\t\t\t\t<div class=\"elementor-column elementor-col-50 elementor-top-column elementor-element elementor-element-8892969\" data-id=\"8892969\" data-element_type=\"column\">\n\t\t\t<div class=\"elementor-widget-wrap elementor-element-populated\">\n\t\t\t\t\t\t<div class=\"elementor-element elementor-element-999f1b5 elementor-widget elementor-widget-text-editor\" data-id=\"999f1b5\" data-element_type=\"widget\" data-widget_type=\"text-editor.default\">\n\t\t\t\t<div class=\"elementor-widget-container\">\n\t\t\t\t\t\t\t\t\t<p>CONGRESO<\/p>\t\t\t\t\t\t\t\t<\/div>\n\t\t\t\t<\/div>\n\t\t\t\t<div class=\"elementor-element elementor-element-ede197f elementor-widget elementor-widget-text-editor\" data-id=\"ede197f\" data-element_type=\"widget\" data-widget_type=\"text-editor.default\">\n\t\t\t\t<div class=\"elementor-widget-container\">\n\t\t\t\t\t\t\t\t\t<p><span style=\"color: #eb2b8e;\"><span style=\"color: #000000;\">COVID-19 <\/span><strong>Com prevenir el sobreendeutament familiar?<\/strong><\/span><\/p>\t\t\t\t\t\t\t\t<\/div>\n\t\t\t\t<\/div>\n\t\t\t\t<div class=\"elementor-element elementor-element-860735e elementor-widget elementor-widget-text-editor\" data-id=\"860735e\" data-element_type=\"widget\" data-widget_type=\"text-editor.default\">\n\t\t\t\t<div class=\"elementor-widget-container\">\n\t\t\t\t\t\t\t\t\t<p>Pots tornar a veure el nostre congr\u00e9s centrat en com prevenir el sobreendeutament familiar amb Patricia Su\u00e1rez, presidenta de l&#8217;Associaci\u00f3 d&#8217;Usuaris Financers, Emilio Ruiz, Departament de Conducta d&#8217;Entitats i Lletrat Assessor del Banc d&#8217;Espanya, Alberto Alonso Regalado, director general de l&#8217; EAF Grup Valia Assessors Financers, i Jesualdo Dom\u00ednguez-Alcahud, Director del Departament d&#8217;Inversors de la CNMV.<\/p>\t\t\t\t\t\t\t\t<\/div>\n\t\t\t\t<\/div>\n\t\t\t\t\t<\/div>\n\t\t<\/div>\n\t\t\t\t\t<\/div>\n\t\t<\/section>\n\t\t\t\t<section class=\"elementor-section elementor-top-section elementor-element elementor-element-9266196 elementor-section-boxed elementor-section-height-default elementor-section-height-default\" data-id=\"9266196\" data-element_type=\"section\" data-settings=\"{&quot;background_background&quot;:&quot;classic&quot;}\">\n\t\t\t\t\t\t<div class=\"elementor-container elementor-column-gap-default\">\n\t\t\t\t\t<div class=\"elementor-column elementor-col-100 elementor-top-column elementor-element elementor-element-1b5fd96\" data-id=\"1b5fd96\" data-element_type=\"column\">\n\t\t\t<div class=\"elementor-widget-wrap elementor-element-populated\">\n\t\t\t\t\t\t<div class=\"elementor-element elementor-element-927ca43 elementor-widget elementor-widget-text-editor\" data-id=\"927ca43\" data-element_type=\"widget\" data-widget_type=\"text-editor.default\">\n\t\t\t\t<div class=\"elementor-widget-container\">\n\t\t\t\t\t\t\t\t\t<p><span style=\"color: #eb2b8e;\"><span style=\"color: #000000;\">ASUFIN<\/span><strong> estudis<\/strong><\/span><\/p>\t\t\t\t\t\t\t\t<\/div>\n\t\t\t\t<\/div>\n\t\t\t\t<div class=\"elementor-element elementor-element-1a912b2 elementor-widget elementor-widget-tp-blog-listout\" data-id=\"1a912b2\" data-element_type=\"widget\" data-widget_type=\"tp-blog-listout.default\">\n\t\t\t\t<div class=\"elementor-widget-container\">\n\t\t\t\t\t<h3 class=\"theplus-posts-not-found\">This Style Premium Version<\/h3>\t\t\t\t<\/div>\n\t\t\t\t<\/div>\n\t\t\t\t\t<\/div>\n\t\t<\/div>\n\t\t\t\t\t<\/div>\n\t\t<\/section>\n\t\t\t\t<section class=\"elementor-section elementor-top-section elementor-element elementor-element-b69ce55 elementor-section-boxed elementor-section-height-default elementor-section-height-default\" data-id=\"b69ce55\" data-element_type=\"section\">\n\t\t\t\t\t\t<div class=\"elementor-container elementor-column-gap-default\">\n\t\t\t\t\t<div class=\"elementor-column elementor-col-100 elementor-top-column elementor-element elementor-element-f23ee3d\" data-id=\"f23ee3d\" data-element_type=\"column\">\n\t\t\t<div class=\"elementor-widget-wrap elementor-element-populated\">\n\t\t\t\t\t\t<div class=\"elementor-element elementor-element-4337320 elementor-widget elementor-widget-text-editor\" data-id=\"4337320\" data-element_type=\"widget\" data-widget_type=\"text-editor.default\">\n\t\t\t\t<div class=\"elementor-widget-container\">\n\t\t\t\t\t\t\t\t\t<p><span style=\"color: #eb2b8e;\"><span style=\"color: #000000;\">Seminaris i<\/span><strong>\u00a0webinars<\/strong><\/span><\/p>\t\t\t\t\t\t\t\t<\/div>\n\t\t\t\t<\/div>\n\t\t\t\t\t<\/div>\n\t\t<\/div>\n\t\t\t\t\t<\/div>\n\t\t<\/section>\n\t\t\t\t<section class=\"elementor-section elementor-top-section elementor-element elementor-element-5dd9462 elementor-section-boxed elementor-section-height-default elementor-section-height-default\" data-id=\"5dd9462\" data-element_type=\"section\" data-settings=\"{&quot;background_background&quot;:&quot;classic&quot;}\">\n\t\t\t\t\t\t<div class=\"elementor-container elementor-column-gap-default\">\n\t\t\t\t\t<div class=\"elementor-column elementor-col-100 elementor-top-column elementor-element elementor-element-60ebf1a\" data-id=\"60ebf1a\" data-element_type=\"column\">\n\t\t\t<div class=\"elementor-widget-wrap elementor-element-populated\">\n\t\t\t\t\t\t<div class=\"elementor-element elementor-element-1026445 elementor-widget elementor-widget-text-editor\" data-id=\"1026445\" data-element_type=\"widget\" data-widget_type=\"text-editor.default\">\n\t\t\t\t<div class=\"elementor-widget-container\">\n\t\t\t\t\t\t\t\t\t<p>ASUFIN<span style=\"color: #eb2b8e;\"><strong> not\u00edcies<\/strong><\/span><\/p>\t\t\t\t\t\t\t\t<\/div>\n\t\t\t\t<\/div>\n\t\t\t\t<div class=\"elementor-element elementor-element-b4cd358 elementor-tabs-view-horizontal elementor-widget elementor-widget-tp-tabs-tours\" data-id=\"b4cd358\" data-element_type=\"widget\" data-widget_type=\"tp-tabs-tours.default\">\n\t\t\t\t<div class=\"elementor-widget-container\">\n\t\t\t\t\t<div class=\"theplus-tabs-wrapper elementor-tabs  mobile-accordion\" id=\"tabs69f739090f337\" data-tabs-id=\"tabs69f739090f337\"   data-tab-default=\"0\" data-tab-hover=\"no\"  role=\"tablist\"><div class=\"theplus-tabs-nav-wrapper elementor-tabs-wrapper text-center  \"><ul class=\"plus-tabs-nav\"><li><div id=\"elementor-tab-title-1891\" class=\"elementor-tab-title elementor-tab-desktop-title plus-tab-header\" data-tab=\"1\" tabindex=\"1891\" role=\"tab\" aria-controls=\"elementor-tab-content-1891\"><span>TOTS<\/span><\/div><\/li><li><div id=\"elementor-tab-title-1892\" class=\"elementor-tab-title elementor-tab-desktop-title plus-tab-header\" data-tab=\"2\" tabindex=\"1892\" role=\"tab\" aria-controls=\"elementor-tab-content-1892\"><span>ASUFIN SOSTENIBLE<\/span><\/div><\/li><li><div id=\"elementor-tab-title-1893\" class=\"elementor-tab-title elementor-tab-desktop-title plus-tab-header\" data-tab=\"3\" tabindex=\"1893\" role=\"tab\" aria-controls=\"elementor-tab-content-1893\"><span>ASUFIN TECH<\/span><\/div><\/li><li><div id=\"elementor-tab-title-1894\" class=\"elementor-tab-title elementor-tab-desktop-title plus-tab-header\" data-tab=\"4\" tabindex=\"1894\" role=\"tab\" aria-controls=\"elementor-tab-content-1894\"><span>EDUCACI\u00d3 FINANCERA<\/span><\/div><\/li><\/ul><\/div><div class=\"theplus-tabs-content-wrapper elementor-tabs-content-wrapper \"><div class=\"elementor-tab-title elementor-tab-mobile-title  text-center\" tabindex=\"1891\" data-tab=\"1\" role=\"tab\"><span>TOTS<\/span><\/div><div id=\"elementor-tab-content-1894\" class=\"elementor-tab-content elementor-clearfix plus-tab-content\" data-tab=\"1\" role=\"tabpanel\" aria-labelledby=\"elementor-tab-title-1894\"><div class=\"plus-content-editor\"><\/div><\/div><div class=\"elementor-tab-title elementor-tab-mobile-title  text-center\" tabindex=\"1892\" data-tab=\"2\" role=\"tab\"><span>ASUFIN SOSTENIBLE<\/span><\/div><div id=\"elementor-tab-content-1894\" class=\"elementor-tab-content elementor-clearfix plus-tab-content\" data-tab=\"2\" role=\"tabpanel\" aria-labelledby=\"elementor-tab-title-1894\"><div class=\"plus-content-editor\"><\/div><\/div><div class=\"elementor-tab-title elementor-tab-mobile-title  text-center\" tabindex=\"1893\" data-tab=\"3\" role=\"tab\"><span>ASUFIN TECH<\/span><\/div><div id=\"elementor-tab-content-1894\" class=\"elementor-tab-content elementor-clearfix plus-tab-content\" data-tab=\"3\" role=\"tabpanel\" aria-labelledby=\"elementor-tab-title-1894\"><div class=\"plus-content-editor\"><\/div><\/div><div class=\"elementor-tab-title elementor-tab-mobile-title  text-center\" tabindex=\"1894\" data-tab=\"4\" role=\"tab\"><span>EDUCACI\u00d3 FINANCERA<\/span><\/div><div id=\"elementor-tab-content-1894\" class=\"elementor-tab-content elementor-clearfix plus-tab-content\" data-tab=\"4\" role=\"tabpanel\" aria-labelledby=\"elementor-tab-title-1894\"><div class=\"plus-content-editor\"><\/div><\/div><\/div><\/div>\t\t\t\t<\/div>\n\t\t\t\t<\/div>\n\t\t\t\t\t<\/div>\n\t\t<\/div>\n\t\t\t\t\t<\/div>\n\t\t<\/section>\n\t\t\t\t<section class=\"elementor-section elementor-top-section elementor-element elementor-element-052b6ee elementor-section-boxed elementor-section-height-default elementor-section-height-default\" data-id=\"052b6ee\" data-element_type=\"section\">\n\t\t\t\t\t\t<div class=\"elementor-container elementor-column-gap-default\">\n\t\t\t\t\t<div class=\"elementor-column elementor-col-20 elementor-top-column elementor-element elementor-element-4555324\" data-id=\"4555324\" data-element_type=\"column\">\n\t\t\t<div class=\"elementor-widget-wrap\">\n\t\t\t\t\t\t\t<\/div>\n\t\t<\/div>\n\t\t\t\t<div class=\"elementor-column elementor-col-20 elementor-top-column elementor-element elementor-element-3694fee\" data-id=\"3694fee\" data-element_type=\"column\">\n\t\t\t<div class=\"elementor-widget-wrap\">\n\t\t\t\t\t\t\t<\/div>\n\t\t<\/div>\n\t\t\t\t<div class=\"elementor-column elementor-col-20 elementor-top-column elementor-element elementor-element-10858ac\" data-id=\"10858ac\" data-element_type=\"column\">\n\t\t\t<div class=\"elementor-widget-wrap elementor-element-populated\">\n\t\t\t\t\t\t<div class=\"elementor-element elementor-element-6491233 elementor-widget elementor-widget-image\" data-id=\"6491233\" data-element_type=\"widget\" data-widget_type=\"image.default\">\n\t\t\t\t<div class=\"elementor-widget-container\">\n\t\t\t\t\t\t\t\t\t\t\t\t<figure class=\"wp-caption\">\n\t\t\t\t\t\t\t\t\t\t<img fetchpriority=\"high\" decoding=\"async\" data-attachment-id=\"56251\" data-permalink=\"https:\/\/staging.asufin.com\/staging\/ministerio_de_consumo\/\" data-orig-file=\"https:\/\/i0.wp.com\/staging.asufin.com\/staging\/wp-content\/uploads\/2020\/10\/ministerio_de_consumo.png?fit=752%2C313&amp;ssl=1\" data-orig-size=\"752,313\" data-comments-opened=\"1\" data-image-meta=\"{&quot;aperture&quot;:&quot;0&quot;,&quot;credit&quot;:&quot;&quot;,&quot;camera&quot;:&quot;&quot;,&quot;caption&quot;:&quot;&quot;,&quot;created_timestamp&quot;:&quot;0&quot;,&quot;copyright&quot;:&quot;&quot;,&quot;focal_length&quot;:&quot;0&quot;,&quot;iso&quot;:&quot;0&quot;,&quot;shutter_speed&quot;:&quot;0&quot;,&quot;title&quot;:&quot;&quot;,&quot;orientation&quot;:&quot;0&quot;}\" data-image-title=\"ministerio_de_consumo\" data-image-description=\"\" data-image-caption=\"\" data-large-file=\"https:\/\/i0.wp.com\/staging.asufin.com\/staging\/wp-content\/uploads\/2020\/10\/ministerio_de_consumo.png?fit=752%2C313&amp;ssl=1\" width=\"752\" height=\"313\" src=\"https:\/\/i0.wp.com\/staging.asufin.com\/staging\/wp-content\/uploads\/2020\/10\/ministerio_de_consumo.png?fit=752%2C313&amp;ssl=1\" class=\"attachment-large size-large wp-image-56251\" alt=\"\" srcset=\"https:\/\/i0.wp.com\/staging.asufin.com\/staging\/wp-content\/uploads\/2020\/10\/ministerio_de_consumo.png?w=752&amp;ssl=1 752w, https:\/\/i0.wp.com\/staging.asufin.com\/staging\/wp-content\/uploads\/2020\/10\/ministerio_de_consumo.png?resize=300%2C125&amp;ssl=1 300w\" sizes=\"(max-width: 752px) 100vw, 752px\" title=\"\">\t\t\t\t\t\t\t\t\t\t\t<figcaption class=\"widget-image-caption wp-caption-text\">El present projecte ha estat subvencionat pel Ministeri de Consum, sent la seva contingut responsabilitat exclusiva de l'associaci\u00f3 benefici\u00e0ria<\/figcaption>\n\t\t\t\t\t\t\t\t\t\t<\/figure>\n\t\t\t\t\t\t\t\t\t<\/div>\n\t\t\t\t<\/div>\n\t\t\t\t\t<\/div>\n\t\t<\/div>\n\t\t\t\t<div class=\"elementor-column elementor-col-20 elementor-top-column elementor-element elementor-element-10c5626\" data-id=\"10c5626\" data-element_type=\"column\">\n\t\t\t<div class=\"elementor-widget-wrap\">\n\t\t\t\t\t\t\t<\/div>\n\t\t<\/div>\n\t\t\t\t<div class=\"elementor-column elementor-col-20 elementor-top-column elementor-element elementor-element-ead19dd\" data-id=\"ead19dd\" data-element_type=\"column\">\n\t\t\t<div class=\"elementor-widget-wrap\">\n\t\t\t\t\t\t\t<\/div>\n\t\t<\/div>\n\t\t\t\t\t<\/div>\n\t\t<\/section>\n\t\t\t\t<\/div>\n\t\t","protected":false},"excerpt":{"rendered":"<p>PROJECTE SUBVENCIONAT PEL MINISTERI DE CONSUM Sobreendeutament familiar\u00a0en temps de COVID19 Aqu\u00ed trobar\u00e0s totes les accions que s&#8217;emmarquen dins del projecte &#8216;Sobreendeutament familiar en temps de COVID19&#8217; subvencionat pel Ministeri de Consum. L&#8217;actual crisi i emerg\u00e8ncia sanit\u00e0ria que assola a Espanya i al m\u00f3n, ha impactat en la nostra salut f\u00edsica per\u00f2 tamb\u00e9 en la [&hellip;]<\/p>\n","protected":false},"author":2,"featured_media":56289,"parent":0,"menu_order":0,"comment_status":"closed","ping_status":"closed","template":"","meta":{"_acf_changed":false,"footnotes":""},"categories":[],"class_list":["post-56783","page","type-page","status-publish","has-post-thumbnail","hentry"],"acf":[],"jetpack_shortlink":"https:\/\/wp.me\/PeayLa-eLR","jetpack_likes_enabled":false,"jetpack_sharing_enabled":true,"_links":{"self":[{"href":"https:\/\/staging.asufin.com\/staging\/wp-json\/wp\/v2\/pages\/56783","targetHints":{"allow":["GET"]}}],"collection":[{"href":"https:\/\/staging.asufin.com\/staging\/wp-json\/wp\/v2\/pages"}],"about":[{"href":"https:\/\/staging.asufin.com\/staging\/wp-json\/wp\/v2\/types\/page"}],"author":[{"embeddable":true,"href":"https:\/\/staging.asufin.com\/staging\/wp-json\/wp\/v2\/users\/2"}],"replies":[{"embeddable":true,"href":"https:\/\/staging.asufin.com\/staging\/wp-json\/wp\/v2\/comments?post=56783"}],"version-history":[{"count":11,"href":"https:\/\/staging.asufin.com\/staging\/wp-json\/wp\/v2\/pages\/56783\/revisions"}],"predecessor-version":[{"id":101755,"href":"https:\/\/staging.asufin.com\/staging\/wp-json\/wp\/v2\/pages\/56783\/revisions\/101755"}],"wp:featuredmedia":[{"embeddable":true,"href":"https:\/\/staging.asufin.com\/staging\/wp-json\/wp\/v2\/media\/56289"}],"wp:attachment":[{"href":"https:\/\/staging.asufin.com\/staging\/wp-json\/wp\/v2\/media?parent=56783"}],"wp:term":[{"taxonomy":"category","embeddable":true,"href":"https:\/\/staging.asufin.com\/staging\/wp-json\/wp\/v2\/categories?post=56783"}],"curies":[{"name":"wp","href":"https:\/\/api.w.org\/{rel}","templated":true}]}}