{"id":56947,"date":"2020-11-12T11:30:29","date_gmt":"2020-11-12T11:30:29","guid":{"rendered":"https:\/\/www.asufin.com\/?page_id=56947"},"modified":"2022-06-08T22:00:30","modified_gmt":"2022-06-08T22:00:30","slug":"reclama-cat","status":"publish","type":"page","link":"https:\/\/staging.asufin.com\/staging\/ca\/reclama-cat\/","title":{"rendered":"Reclama"},"content":{"rendered":"\t\t<div data-elementor-type=\"wp-page\" data-elementor-id=\"56947\" class=\"elementor elementor-56947\">\n\t\t\t\t\t\t<section class=\"elementor-section elementor-top-section elementor-element elementor-element-7bdcb4a6 elementor-section-height-min-height elementor-section-boxed elementor-section-height-default elementor-section-items-middle\" data-id=\"7bdcb4a6\" data-element_type=\"section\" data-settings=\"{&quot;background_background&quot;:&quot;classic&quot;}\">\n\t\t\t\t\t\t<div class=\"elementor-container elementor-column-gap-default\">\n\t\t\t\t\t<div class=\"elementor-column elementor-col-100 elementor-top-column elementor-element elementor-element-5fa1bfa2\" data-id=\"5fa1bfa2\" data-element_type=\"column\">\n\t\t\t<div class=\"elementor-widget-wrap elementor-element-populated\">\n\t\t\t\t\t\t<div class=\"elementor-element elementor-element-791ac79a elementor-widget elementor-widget-heading\" data-id=\"791ac79a\" data-element_type=\"widget\" data-widget_type=\"heading.default\">\n\t\t\t\t<div class=\"elementor-widget-container\">\n\t\t\t\t\t<h1 class=\"elementor-heading-title elementor-size-default\">Reclama<\/h1>\t\t\t\t<\/div>\n\t\t\t\t<\/div>\n\t\t\t\t\t<\/div>\n\t\t<\/div>\n\t\t\t\t\t<\/div>\n\t\t<\/section>\n\t\t\t\t<section class=\"elementor-section elementor-top-section elementor-element elementor-element-3dcd64fb elementor-section-boxed elementor-section-height-default elementor-section-height-default\" data-id=\"3dcd64fb\" data-element_type=\"section\">\n\t\t\t\t\t\t<div class=\"elementor-container elementor-column-gap-default\">\n\t\t\t\t\t<div class=\"elementor-column elementor-col-100 elementor-top-column elementor-element elementor-element-7e1afb11\" data-id=\"7e1afb11\" data-element_type=\"column\">\n\t\t\t<div class=\"elementor-widget-wrap elementor-element-populated\">\n\t\t\t\t\t\t<div class=\"elementor-element elementor-element-37ac94d2 elementor-widget elementor-widget-text-editor\" data-id=\"37ac94d2\" data-element_type=\"widget\" data-widget_type=\"text-editor.default\">\n\t\t\t\t<div class=\"elementor-widget-container\">\n\t\t\t\t\t\t\t\t\t<p>PRODUCTES<\/p>\t\t\t\t\t\t\t\t<\/div>\n\t\t\t\t<\/div>\n\t\t\t\t<div class=\"elementor-element elementor-element-7db629e6 elementor-widget elementor-widget-text-editor\" data-id=\"7db629e6\" data-element_type=\"widget\" data-widget_type=\"text-editor.default\">\n\t\t\t\t<div class=\"elementor-widget-container\">\n\t\t\t\t\t\t\t\t\t<p><span style=\"color: #eb2b8e;\"><strong>Reclama <\/strong><span style=\"color: #000000;\">els teus drets\u00a0<\/span><\/span><\/p>\t\t\t\t\t\t\t\t<\/div>\n\t\t\t\t<\/div>\n\t\t\t\t<div class=\"elementor-element elementor-element-4deebbdf elementor-widget elementor-widget-text-editor\" data-id=\"4deebbdf\" data-element_type=\"widget\" data-widget_type=\"text-editor.default\">\n\t\t\t\t<div class=\"elementor-widget-container\">\n\t\t\t\t\t\t\t\t\t<p>Com puc reclamar? Quant puc recuperar? Quines probabilitats d&#8217;\u00e8xit tinc?\u00a0<br \/>A ASUFIN podem recuperar els teus diners. Tria el teu cas i comen\u00e7a la teva reclamaci\u00f3!<\/p>\t\t\t\t\t\t\t\t<\/div>\n\t\t\t\t<\/div>\n\t\t\t\t\t<\/div>\n\t\t<\/div>\n\t\t\t\t\t<\/div>\n\t\t<\/section>\n\t\t\t\t<section class=\"elementor-section elementor-top-section elementor-element elementor-element-21034aba elementor-section-boxed elementor-section-height-default elementor-section-height-default\" data-id=\"21034aba\" data-element_type=\"section\">\n\t\t\t\t\t\t<div class=\"elementor-container elementor-column-gap-default\">\n\t\t\t\t\t<div class=\"elementor-column elementor-col-100 elementor-top-column elementor-element elementor-element-5dbb3469\" data-id=\"5dbb3469\" data-element_type=\"column\">\n\t\t\t<div class=\"elementor-widget-wrap elementor-element-populated\">\n\t\t\t\t\t\t<div class=\"elementor-element elementor-element-14d961e7 elementor-tabs-view-horizontal elementor-widget elementor-widget-tp-tabs-tours\" data-id=\"14d961e7\" data-element_type=\"widget\" data-widget_type=\"tp-tabs-tours.default\">\n\t\t\t\t<div class=\"elementor-widget-container\">\n\t\t\t\t\t<div class=\"theplus-tabs-wrapper elementor-tabs  \" id=\"tabs69f7176d2a3dd\" data-tabs-id=\"tabs69f7176d2a3dd\"   data-tab-default=\"0\" data-tab-hover=\"no\"  role=\"tablist\"><div class=\"theplus-tabs-nav-wrapper elementor-tabs-wrapper text-left  \"><ul class=\"plus-tabs-nav\"><li><div id=\"elementor-tab-title-3491\" class=\"elementor-tab-title elementor-tab-desktop-title plus-tab-header\" data-tab=\"1\" tabindex=\"3491\" role=\"tab\" aria-controls=\"elementor-tab-content-3491\"><span>TOTS<\/span><\/div><\/li><li><div id=\"elementor-tab-title-3492\" class=\"elementor-tab-title elementor-tab-desktop-title plus-tab-header\" data-tab=\"2\" tabindex=\"3492\" role=\"tab\" aria-controls=\"elementor-tab-content-3492\"><span>COMISSIONS BANC\u00c0RIES<\/span><\/div><\/li><li><div id=\"elementor-tab-title-3493\" class=\"elementor-tab-title elementor-tab-desktop-title plus-tab-header\" data-tab=\"3\" tabindex=\"3493\" role=\"tab\" aria-controls=\"elementor-tab-content-3493\"><span>FRANQUICIES<\/span><\/div><\/li><li><div id=\"elementor-tab-title-3494\" class=\"elementor-tab-title elementor-tab-desktop-title plus-tab-header\" data-tab=\"4\" tabindex=\"3494\" role=\"tab\" aria-controls=\"elementor-tab-content-3494\"><span>INVERSI\u00d3<\/span><\/div><\/li><li><div id=\"elementor-tab-title-3495\" class=\"elementor-tab-title elementor-tab-desktop-title plus-tab-header\" data-tab=\"5\" tabindex=\"3495\" role=\"tab\" aria-controls=\"elementor-tab-content-3495\"><span>SOBREENDEUTAMENT<\/span><\/div><\/li><li><div id=\"elementor-tab-title-3496\" class=\"elementor-tab-title elementor-tab-desktop-title plus-tab-header\" data-tab=\"6\" tabindex=\"3496\" role=\"tab\" aria-controls=\"elementor-tab-content-3496\"><span>TRANSPORT<\/span><\/div><\/li><li><div id=\"elementor-tab-title-3497\" class=\"elementor-tab-title elementor-tab-desktop-title plus-tab-header\" data-tab=\"7\" tabindex=\"3497\" role=\"tab\" aria-controls=\"elementor-tab-content-3497\"><span>HABITATGE<\/span><\/div><\/li><\/ul><\/div><div class=\"theplus-tabs-content-wrapper elementor-tabs-content-wrapper \"><div class=\"elementor-tab-title elementor-tab-mobile-title  text-left\" tabindex=\"3491\" data-tab=\"1\" role=\"tab\"><span>TOTS<\/span><\/div><div id=\"elementor-tab-content-3497\" class=\"elementor-tab-content elementor-clearfix plus-tab-content\" data-tab=\"1\" role=\"tabpanel\" aria-labelledby=\"elementor-tab-title-3497\"><div class=\"plus-content-editor\"><p>[elementor-template id=&#8221;57133&#8243;]<\/p><\/div><\/div><div class=\"elementor-tab-title elementor-tab-mobile-title  text-left\" tabindex=\"3492\" data-tab=\"2\" role=\"tab\"><span>COMISSIONS BANC\u00c0RIES<\/span><\/div><div id=\"elementor-tab-content-3497\" class=\"elementor-tab-content elementor-clearfix plus-tab-content\" data-tab=\"2\" role=\"tabpanel\" aria-labelledby=\"elementor-tab-title-3497\"><div class=\"plus-content-editor\"><p>[elementor-template id=&#8221;57201&#8243;]<\/p><\/div><\/div><div class=\"elementor-tab-title elementor-tab-mobile-title  text-left\" tabindex=\"3493\" data-tab=\"3\" role=\"tab\"><span>FRANQUICIES<\/span><\/div><div id=\"elementor-tab-content-3497\" class=\"elementor-tab-content elementor-clearfix plus-tab-content\" data-tab=\"3\" role=\"tabpanel\" aria-labelledby=\"elementor-tab-title-3497\"><div class=\"plus-content-editor\"><p>[elementor-template id=&#8221;57205&#8243;]<\/p><\/div><\/div><div class=\"elementor-tab-title elementor-tab-mobile-title  text-left\" tabindex=\"3494\" data-tab=\"4\" role=\"tab\"><span>INVERSI\u00d3<\/span><\/div><div id=\"elementor-tab-content-3497\" class=\"elementor-tab-content elementor-clearfix plus-tab-content\" data-tab=\"4\" role=\"tabpanel\" aria-labelledby=\"elementor-tab-title-3497\"><div class=\"plus-content-editor\"><p>[elementor-template id=&#8221;57304&#8243;]<\/p><\/div><\/div><div class=\"elementor-tab-title elementor-tab-mobile-title  text-left\" tabindex=\"3495\" data-tab=\"5\" role=\"tab\"><span>SOBREENDEUTAMENT<\/span><\/div><div id=\"elementor-tab-content-3497\" class=\"elementor-tab-content elementor-clearfix plus-tab-content\" data-tab=\"5\" role=\"tabpanel\" aria-labelledby=\"elementor-tab-title-3497\"><div class=\"plus-content-editor\"><p>[elementor-template id=&#8221;57308&#8243;]<\/p><\/div><\/div><div class=\"elementor-tab-title elementor-tab-mobile-title  text-left\" tabindex=\"3496\" data-tab=\"6\" role=\"tab\"><span>TRANSPORT<\/span><\/div><div id=\"elementor-tab-content-3497\" class=\"elementor-tab-content elementor-clearfix plus-tab-content\" data-tab=\"6\" role=\"tabpanel\" aria-labelledby=\"elementor-tab-title-3497\"><div class=\"plus-content-editor\"><p>[elementor-template id=&#8221;57311&#8243;]<\/p><\/div><\/div><div class=\"elementor-tab-title elementor-tab-mobile-title  text-left\" tabindex=\"3497\" data-tab=\"7\" role=\"tab\"><span>HABITATGE<\/span><\/div><div id=\"elementor-tab-content-3497\" class=\"elementor-tab-content elementor-clearfix plus-tab-content\" data-tab=\"7\" role=\"tabpanel\" aria-labelledby=\"elementor-tab-title-3497\"><div class=\"plus-content-editor\"><p>[elementor-template id=&#8221;57314&#8243;]<\/p><\/div><\/div><\/div><\/div>\t\t\t\t<\/div>\n\t\t\t\t<\/div>\n\t\t\t\t\t<\/div>\n\t\t<\/div>\n\t\t\t\t\t<\/div>\n\t\t<\/section>\n\t\t\t\t<section class=\"elementor-section elementor-top-section elementor-element elementor-element-7cb113e8 elementor-section-boxed elementor-section-height-default elementor-section-height-default\" data-id=\"7cb113e8\" data-element_type=\"section\">\n\t\t\t\t\t\t<div class=\"elementor-container elementor-column-gap-default\">\n\t\t\t\t\t<div class=\"elementor-column elementor-col-100 elementor-top-column elementor-element elementor-element-5abfcdf9\" data-id=\"5abfcdf9\" data-element_type=\"column\">\n\t\t\t<div class=\"elementor-widget-wrap elementor-element-populated\">\n\t\t\t\t\t\t<div class=\"elementor-element elementor-element-7f6943f7 elementor-widget elementor-widget-text-editor\" data-id=\"7f6943f7\" data-element_type=\"widget\" data-widget_type=\"text-editor.default\">\n\t\t\t\t<div class=\"elementor-widget-container\">\n\t\t\t\t\t\t\t\t\t<p><span style=\"color: #eb2b8e;\"><span style=\"color: #000000;\">Pot ser <\/span><strong>t&#8217;interessa<\/strong><\/span><\/p>\t\t\t\t\t\t\t\t<\/div>\n\t\t\t\t<\/div>\n\t\t\t\t\t<\/div>\n\t\t<\/div>\n\t\t\t\t\t<\/div>\n\t\t<\/section>\n\t\t\t\t<section class=\"elementor-section elementor-top-section elementor-element elementor-element-508c139e elementor-section-boxed elementor-section-height-default elementor-section-height-default\" data-id=\"508c139e\" data-element_type=\"section\">\n\t\t\t\t\t\t<div class=\"elementor-container elementor-column-gap-no\">\n\t\t\t\t\t<div class=\"elementor-column elementor-col-33 elementor-top-column elementor-element elementor-element-51bc5f5e\" data-id=\"51bc5f5e\" data-element_type=\"column\" data-settings=\"{&quot;background_background&quot;:&quot;classic&quot;}\">\n\t\t\t<div class=\"elementor-widget-wrap elementor-element-populated\">\n\t\t\t\t\t\t<div class=\"elementor-element elementor-element-5e3f0c48 elementor-widget elementor-widget-text-editor\" data-id=\"5e3f0c48\" data-element_type=\"widget\" data-widget_type=\"text-editor.default\">\n\t\t\t\t<div class=\"elementor-widget-container\">\n\t\t\t\t\t\t\t\t\t<span style=\"color: #ffffff;\"><a style=\"color: #ffffff;\" href=\"https:\/\/staging.asufin.com\/staging\/ca\/consulta-2\/\">Consulta<\/a><\/span>\t\t\t\t\t\t\t\t<\/div>\n\t\t\t\t<\/div>\n\t\t\t\t<div class=\"elementor-element elementor-element-16da6b75 elementor-widget elementor-widget-text-editor\" data-id=\"16da6b75\" data-element_type=\"widget\" data-widget_type=\"text-editor.default\">\n\t\t\t\t<div class=\"elementor-widget-container\">\n\t\t\t\t\t\t\t\t\t<p style=\"text-align: center;\">Busques una sent\u00e8ncia? Registra&#8217;t i accedeix a la major base de sent\u00e8ncies banc\u00e0ries d&#8217;Espanya.\u00a0<\/p>\t\t\t\t\t\t\t\t<\/div>\n\t\t\t\t<\/div>\n\t\t\t\t<div class=\"elementor-element elementor-element-3a7b9977 elementor-align-center elementor-absolute elementor-widget elementor-widget-button\" data-id=\"3a7b9977\" data-element_type=\"widget\" data-settings=\"{&quot;_position&quot;:&quot;absolute&quot;}\" data-widget_type=\"button.default\">\n\t\t\t\t<div class=\"elementor-widget-container\">\n\t\t\t\t\t\t\t\t\t<div class=\"elementor-button-wrapper\">\n\t\t\t\t\t<a class=\"elementor-button elementor-button-link elementor-size-md\" href=\"https:\/\/staging.asufin.com\/staging\/ca\/consulta-2\/\">\n\t\t\t\t\t\t<span class=\"elementor-button-content-wrapper\">\n\t\t\t\t\t\t\t\t\t<span class=\"elementor-button-text\">M\u00c9S INFO<\/span>\n\t\t\t\t\t<\/span>\n\t\t\t\t\t<\/a>\n\t\t\t\t<\/div>\n\t\t\t\t\t\t\t\t<\/div>\n\t\t\t\t<\/div>\n\t\t\t\t\t<\/div>\n\t\t<\/div>\n\t\t\t\t<div class=\"elementor-column elementor-col-33 elementor-top-column elementor-element elementor-element-42c7a6df\" data-id=\"42c7a6df\" data-element_type=\"column\" data-settings=\"{&quot;background_background&quot;:&quot;classic&quot;}\">\n\t\t\t<div class=\"elementor-widget-wrap elementor-element-populated\">\n\t\t\t\t\t\t<div class=\"elementor-element elementor-element-16ea8c6 elementor-widget elementor-widget-text-editor\" data-id=\"16ea8c6\" data-element_type=\"widget\" data-widget_type=\"text-editor.default\">\n\t\t\t\t<div class=\"elementor-widget-container\">\n\t\t\t\t\t\t\t\t\t<p><span style=\"color: #ffffff;\">Apr\u00e8n<\/span><\/p>\t\t\t\t\t\t\t\t<\/div>\n\t\t\t\t<\/div>\n\t\t\t\t<div class=\"elementor-element elementor-element-2b871eaa elementor-widget elementor-widget-text-editor\" data-id=\"2b871eaa\" data-element_type=\"widget\" data-widget_type=\"text-editor.default\">\n\t\t\t\t<div class=\"elementor-widget-container\">\n\t\t\t\t\t\t\t\t\t<p style=\"text-align: center;\">A ASUFIN ens preocupem per la teva salut financera, entra i comen\u00e7a a gestionar millor les teves finances personals<\/p>\t\t\t\t\t\t\t\t<\/div>\n\t\t\t\t<\/div>\n\t\t\t\t<div class=\"elementor-element elementor-element-1ff77df7 elementor-align-center elementor-absolute elementor-widget elementor-widget-button\" data-id=\"1ff77df7\" data-element_type=\"widget\" data-settings=\"{&quot;_position&quot;:&quot;absolute&quot;}\" data-widget_type=\"button.default\">\n\t\t\t\t<div class=\"elementor-widget-container\">\n\t\t\t\t\t\t\t\t\t<div class=\"elementor-button-wrapper\">\n\t\t\t\t\t<a class=\"elementor-button elementor-button-link elementor-size-md\" href=\"https:\/\/staging.asufin.com\/staging\/ca\/apren\">\n\t\t\t\t\t\t<span class=\"elementor-button-content-wrapper\">\n\t\t\t\t\t\t\t\t\t<span class=\"elementor-button-text\">M\u00c9S INFO<\/span>\n\t\t\t\t\t<\/span>\n\t\t\t\t\t<\/a>\n\t\t\t\t<\/div>\n\t\t\t\t\t\t\t\t<\/div>\n\t\t\t\t<\/div>\n\t\t\t\t\t<\/div>\n\t\t<\/div>\n\t\t\t\t<div class=\"elementor-column elementor-col-33 elementor-top-column elementor-element elementor-element-3b8ff60a\" data-id=\"3b8ff60a\" data-element_type=\"column\" data-settings=\"{&quot;background_background&quot;:&quot;classic&quot;}\">\n\t\t\t<div class=\"elementor-widget-wrap elementor-element-populated\">\n\t\t\t\t\t\t<div class=\"elementor-element elementor-element-835a841 elementor-widget elementor-widget-text-editor\" data-id=\"835a841\" data-element_type=\"widget\" data-widget_type=\"text-editor.default\">\n\t\t\t\t<div class=\"elementor-widget-container\">\n\t\t\t\t\t\t\t\t\t<p><span style=\"color: #ffffff;\"><a style=\"color: #ffffff;\" href=\"https:\/\/asufin.com\/siguenos\/\" target=\"_blank\" rel=\"noopener\">Mitjans<\/a><\/span><\/p>\t\t\t\t\t\t\t\t<\/div>\n\t\t\t\t<\/div>\n\t\t\t\t<div class=\"elementor-element elementor-element-2f82a621 elementor-widget elementor-widget-text-editor\" data-id=\"2f82a621\" data-element_type=\"widget\" data-widget_type=\"text-editor.default\">\n\t\t\t\t<div class=\"elementor-widget-container\">\n\t\t\t\t\t\t\t\t\t<p style=\"text-align: center;\">Comunicats, Premsa, R\u00e0dio, TV. Descobreix Asufin en els mitjans.<\/p>\t\t\t\t\t\t\t\t<\/div>\n\t\t\t\t<\/div>\n\t\t\t\t<div class=\"elementor-element elementor-element-75f0bacd elementor-align-center elementor-absolute elementor-widget elementor-widget-button\" data-id=\"75f0bacd\" data-element_type=\"widget\" data-settings=\"{&quot;_position&quot;:&quot;absolute&quot;}\" data-widget_type=\"button.default\">\n\t\t\t\t<div class=\"elementor-widget-container\">\n\t\t\t\t\t\t\t\t\t<div class=\"elementor-button-wrapper\">\n\t\t\t\t\t<a class=\"elementor-button elementor-button-link elementor-size-md\" href=\"https:\/\/asufin.com\/medios\/\" target=\"_blank\" rel=\"noopener\">\n\t\t\t\t\t\t<span class=\"elementor-button-content-wrapper\">\n\t\t\t\t\t\t\t\t\t<span class=\"elementor-button-text\">M\u00c9S INFO<\/span>\n\t\t\t\t\t<\/span>\n\t\t\t\t\t<\/a>\n\t\t\t\t<\/div>\n\t\t\t\t\t\t\t\t<\/div>\n\t\t\t\t<\/div>\n\t\t\t\t\t<\/div>\n\t\t<\/div>\n\t\t\t\t\t<\/div>\n\t\t<\/section>\n\t\t\t\t<\/div>\n\t\t","protected":false},"excerpt":{"rendered":"<p>Reclama PRODUCTES Reclama els teus drets\u00a0 Com puc reclamar? Quant puc recuperar? Quines probabilitats d&#8217;\u00e8xit tinc?\u00a0A ASUFIN podem recuperar els teus diners. Tria el teu cas i comen\u00e7a la teva reclamaci\u00f3! TOTS COMISSIONS BANC\u00c0RIES FRANQUICIES INVERSI\u00d3 SOBREENDEUTAMENT TRANSPORT HABITATGE TOTS Hipoteca Inversa Targetes Revolving Sobreendeutament Qrenta Esfera Segona Oportunitat Dret a l&#8217;honor Cl\u00e0usula S\u00f2l Despeses [&hellip;]<\/p>\n","protected":false},"author":2,"featured_media":0,"parent":0,"menu_order":100,"comment_status":"closed","ping_status":"closed","template":"","meta":{"_acf_changed":false,"footnotes":""},"categories":[],"class_list":["post-56947","page","type-page","status-publish","hentry"],"acf":[],"jetpack_shortlink":"https:\/\/wp.me\/PeayLa-eOv","jetpack_likes_enabled":false,"jetpack_sharing_enabled":true,"_links":{"self":[{"href":"https:\/\/staging.asufin.com\/staging\/wp-json\/wp\/v2\/pages\/56947","targetHints":{"allow":["GET"]}}],"collection":[{"href":"https:\/\/staging.asufin.com\/staging\/wp-json\/wp\/v2\/pages"}],"about":[{"href":"https:\/\/staging.asufin.com\/staging\/wp-json\/wp\/v2\/types\/page"}],"author":[{"embeddable":true,"href":"https:\/\/staging.asufin.com\/staging\/wp-json\/wp\/v2\/users\/2"}],"replies":[{"embeddable":true,"href":"https:\/\/staging.asufin.com\/staging\/wp-json\/wp\/v2\/comments?post=56947"}],"version-history":[{"count":36,"href":"https:\/\/staging.asufin.com\/staging\/wp-json\/wp\/v2\/pages\/56947\/revisions"}],"predecessor-version":[{"id":101130,"href":"https:\/\/staging.asufin.com\/staging\/wp-json\/wp\/v2\/pages\/56947\/revisions\/101130"}],"wp:attachment":[{"href":"https:\/\/staging.asufin.com\/staging\/wp-json\/wp\/v2\/media?parent=56947"}],"wp:term":[{"taxonomy":"category","embeddable":true,"href":"https:\/\/staging.asufin.com\/staging\/wp-json\/wp\/v2\/categories?post=56947"}],"curies":[{"name":"wp","href":"https:\/\/api.w.org\/{rel}","templated":true}]}}